thousands digit of 2933?
2
What is the units digit of 12640?
0
What is the tens digit of 2154?
5
What is the hundreds digit of 57292?
2
What is the hundreds digit of 1886?
8
What is the tens digit of 22553?
5
What is the thousands digit of 27362?
7
What is the thousands digit of 1205?
1
What is the thousands digit of 1594?
1
What is the hundreds digit of 547?
5
What is the hundreds digit of 862?
8
What is the thousands digit of 1571?
1
What is the tens digit of 1203?
0
What is the thousands digit of 7524?
7
What is the hundreds digit of 3304?
3
What is the tens digit of 1581?
8
What is the thousands digit of 2142?
2
What is the tens digit of 60204?
0
What is the units digit of 1628?
8
What is the hundreds digit of 2863?
8
What is the thousands digit of 47681?
7
What is the thousands digit of 5519?
5
What is the thousands digit of 32879?
2
What is the units digit of 348?
8
What is the tens digit of 4768?
6
What is the thousands digit of 49050?
9
What is the thousands digit of 12489?
2
What is the thousands digit of 67347?
7
What is the units digit of 14308?
8
What is the thousands digit of 1056?
1
What is the tens digit of 1400?
0
What is the hundreds digit of 7399?
3
What is the units digit of 1551?
1
What is the tens digit of 13629?
2
What is the tens digit of 10383?
8
What is the ten thousands digit of 18845?
1
What is the units digit of 9383?
3
What is the hundreds digit of 4598?
5
What is the hundreds digit of 746?
7
What is the units digit of 19257?
7
What is the thousands digit of 2119?
2
What is the units digit of 74813?
3
What is the units digit of 2927?
7
What is the tens digit of 347?
4
What is the ten thousands digit of 38589?
3
What is the units digit of 5132?
2
What is the hundreds digit of 13497?
4
What is the hundreds digit of 10912?
9
What is the hundreds digit of 6938?
9
What is the tens digit of 3924?
2
What is the tens digit of 8599?
9
What is the thousands digit of 4561?
4
What is the thousands digit of 6991?
6
What is the units digit of 16427?
7
What is the thousands digit of 85645?
5
What is the hundreds digit of 10553?
5
What is the hundreds digit of 328?
3
What is the thousands digit of 16836?
6
What is the hundreds digit of 423?
4
What is the hundreds digit of 318?
3
What is the tens digit of 8479?
7
What is the tens digit of 1982?
8
What is the hundreds digit of 789?
7
What is the tens digit of 605?
0
What is the hundreds digit of 3399?
3
What is the thousands digit of 4817?
4
What is the hundreds digit of 5882?
8
What is the thousands digit of 1421?
1
What is the tens digit of 7639?
3
What is the thousands digit of 83080?
3
What is the hundreds digit of 13989?
9
What is the tens digit of 3852?
5
What is the tens digit of 742?
4
What is the units digit of 5373?
3
What is the hundreds digit of 25797?
7
What is the tens digit of 1934?
3
What is the hundreds digit of 65347?
3
What is the units digit of 7968?
8
What is the tens digit of 100?
0
What is the hundreds digit of 334?
3
What is the units digit of 54985?
5
What is the tens digit of 294?
9
What is the units digit of 1233?
3
What is the ten thousands digit of 75242?
7
What is the thousands digit of 1103?
1
What is the hundreds digit of 689?
6
What is the units digit of 457?
7
What is the thousands digit of 13482?
3
What is the tens digit of 12108?
0
What is the tens digit of 509?
0
What is the tens digit of 79?
7
What is the units digit of 22303?
3
What is the units digit of 4490?
0
What is the thousands digit of 24313?
4
What is the tens digit of 2318?
1
What is the hundreds digit of 37195?
1
What is the tens digit of 2992?
9
What is the ten thousands digit of 14783?
1
What is the hundreds digit of 529?
5
What is the units digit of 321?
1
What is the units digit of 851?
1
What is the tens digit of 2559?
5
What is the tens digit of 4600?
0
What is the units digit of 5488?
8
What is the tens digit of 325?
2
What is the tens digit of 929?
2
What is the tens digit of 259?
5
What is the units digit of 1593?
3
What is the tens digit of 6251?
5
What is the hundreds digit of 24444?
4
What is the tens digit of 643?
4
What is the tens digit of 802?
0
What is the tens digit of 7157?
5
What is the tens digit of 59502?
0
What is the units digit of 9914?
4
What is the units digit of 20226?
6
What is the ten thousands digit of 15022?
1
What is the units digit of 15226?
6
What is the tens digit of 1703?
0
What is the tens digit of 7555?
5
What is the tens digit of 500?
0
What is the units digit of 810?
0
What is the hundreds digit of 990?
9
What is the thousands digit of 55271?
5
What is the thousands digit of 1306?
1
What is the tens digit of 132886?
8
What is the hundreds digit of 123568?
5
What is the hundreds digit of 2184?
1
What is the thousands digit of 1456?
1
What is the ten thousands digit of 20913?
2
What is the tens digit of 2868?
6
What is the thousands digit of 1674?
1
What is the units digit of 49810?
0
What is the tens digit of 1612?
1
What is the ten thousands digit of 80808?
8
What is the thousands digit of 12737?
2
What is the tens digit of 4594?
9
What is the thousands digit of 1940?
1
What is the thousands digit of 1582?
1
What is the hundred thousands digit of 157649?
1
What is the hundreds digit of 1168?
1
What is the tens digit of 1993?
9
What is the tens digit of 2727?
2
What is the hundreds digit of 29467?
4
What is the hundred thousands digit of 112196?
1
What is the thousands digit of 1140?
1
What is the thousands digit of 14079?
4
What is the ten thousands digit of 81621?
8
What is the thousands digit of 2002?
2
What is the units digit of 426?
6
What is the thousands digit of 3070?
3
What is the units digit of 3382?
2
What is the tens digit of 2153?
5
What is the hundreds digit of 18417?
4
What is the hundreds digit of 559?
5
What is the ten thousands digit of 10890?
1
What is the units digit of 10352?
2
What is the ten thousands digit of 21632?
2
What is the thousands digit of 4101?
4
What is the ten thousands digit of 14321?
1
What is the units digit of 20171?
1
What is the tens digit of 9064?
6
What is the units digit of 3666?
6
What is the units digit of 788?
8
What is the thousands digit of 18215?
8
What is the tens digit of 988?
8
What is the hundreds digit of 1919?
9
What is the tens digit of 11058?
5
What is the hundreds digit of 604?
6
What is the hundred thousands digit of 113245?
1
What is the hundreds digit of 7197?
1
What is the hundreds digit of 792?
7
What is the hundreds digit of 552?
5
What is the units digit of 14677?
7
What is the units digit of 148?
8
What is the units digit of 1666?
6
What is the thousands digit of 17430?
7
What is the units digit of 518?
8
What is the units digit of 36060?
0
What is the hundreds digit of 525?
5
What is the tens digit of 956?
5
What is the thousands digit of 28738?
8
What is the units digit of 47536?
6
What is the units digit of 4760?
0
What is the hundreds digit of 12645?
6
What is the units digit of 8321?
1
What is the units digit of 600?
0
What is the tens digit of 1472?
7
What is the tens digit of 93034?
3
What is the thousands digit of 89052?
9
What is the tens digit of 796?
9
What is the ten thousands digit of 33970?
3
What is the tens digit of 802?
0
What is the units digit of 1641?
1
What is the units digit of 7795?
5
What is the hundreds digit of 947?
9
What is the tens digit of 63456?
5
What is the thousands digit of 2578?
2
What is the tens digit of 421?
2
What is the thousands digit of 32799?
2
What is the tens digit of 691?
9
What is the hundreds digit of 9227?
2
What is the thousands digit of 61941?
1
What is the hundreds digit of 2559?
5
What is the tens digit of 404?
0
What is the tens digit of 1859?
5
What is the tens digit of 9030?
3
What is the thousands digit of 51982?
1
What is the hundreds digit of 2505?
5
What is the ten thousands digit of 10905?
1
What is the tens digit of 150456?
5
What is the hundreds digit of 64052?
0
What is the units digit of 4003?
3
What is the hundreds digit of 14112?
1
What is the thousands digit of 1321?
1
What is the hundreds digit of 65930?
9
What is the tens digit of 323?
2
What is the units digit of 3984?
4
What is the hundreds digit of 655?
6
What is the units digit of 4093?
3
What is the units digit of 3058?
8
What is the hundreds digit 